248 + 2?
4060251
In base 11, what is -4 - -21004a22?
21004a19
In base 11, what is -2 - 29441566?
-29441568
In base 11, what is -5621a30 + 8?
-5621a23
In base 13, what is -64b - -5b6?
-65
In base 16, what is -e - -23db8c4?
23db8b6
In base 3, what is 220000200 - 20222?
212202201
In base 7, what is 0 - 1606336216?
-1606336216
In base 14, what is 1 - -113c1c71?
113c1c72
In base 2, what is 1111000110001100110 + 0?
1111000110001100110
In base 11, what is -439812 - 20?
-439832
In base 6, what is 5 - 2435244524?
-2435244515
In base 3, what is 22021222 - 200221?
21121001
In base 16, what is a + 17f03?
17f0d
In base 16, what is -9a - 7a7fe?
-7a898
In base 4, what is 212011312302 + -1110?
212011311132
In base 5, what is -124211224000 - -4?
-124211223441
In base 2, what is -100110011001111000010 - -10001100111?
-100110010111101011011
In base 6, what is 135222024004 - 4?
135222024000
In base 13, what is 105b92 + 72?
105c34
In base 15, what is 25bd - 6bc?
1e01
In base 14, what is -98d1b + -3?
-98d20
In base 4, what is 11013 - 1120300?
-1103221
In base 14, what is 0 - -663461?
663461
In base 16, what is 5be8 - -22ea?
7ed2
In base 13, what is -11876919 + 0?
-11876919
In base 4, what is 21102122 + 11113?
21113301
In base 16, what is -eb44c + -4?
-eb450
In base 13, what is -bb964c + c9?
-bb9553
In base 6, what is -2 - 2012353444?
-2012353450
In base 10, what is -20609449 - 4?
-20609453
In base 5, what is 1113104 + 1223102?
2341211
In base 9, what is -746 - -2281?
1434
In base 7, what is -5 + -364361?
-364366
In base 10, what is 30086 - -11901?
41987
In base 11, what is -35 + -9a298?
-9a322
In base 10, what is -21 - -16409255?
16409234
In base 15, what is 195468 + -145?
195323
In base 8, what is 7630 - -136?
7766
In base 3, what is 1102201102 + -1121212?
1101002120
In base 12, what is 28 + a89553?
a8957b
In base 6, what is -1352 - -1143250?
1141454
In base 9, what is -214006 - 2?
-214008
In base 9, what is -573226 + 1?
-573225
In base 2, what is -1000010001 + -110100011100010000010?
-110100011101010010011
In base 13, what is 1c40 + 8b2?
2822
In base 12, what is 1015773 - 33?
1015740
In base 11, what is -39043 - 372?
-39405
In base 2, what is 11 - -1101010000101010111010000?
1101010000101010111010011
In base 9, what is -6 - 1418275?
-1418282
In base 10, what is -22967 - 1139?
-24106
In base 7, what is 233545345 + -1?
233545344
In base 13, what is -106 + 53943?
5383a
In base 5, what is -4 + 112112420210?
112112420201
In base 15, what is 5619 + 454c?
9b66
In base 9, what is -2 + 282017111?
282017108
In base 15, what is -7968eb + -1a?
-796916
In base 7, what is -35 - -1266414?
1266346
In base 4, what is -2112 + -12000211?
-12002323
In base 15, what is 1c59e - -1520?
1dabe
In base 4, what is 112001 + -11330231?
-11212230
In base 9, what is 22884761 + -3?
22884757
In base 16, what is 1 + -33f557?
-33f556
In base 6, what is -35104240 + -203?
-35104443
In base 12, what is 1349 + -1310?
39
In base 15, what is 10 + a1c66?
a1c76
In base 11, what is -359a9 - 439?
-36337
In base 8, what is 0 - -2032057605?
2032057605
In base 14, what is 17a2b28 + 0?
17a2b28
In base 12, what is -5 + -3950?
-3955
In base 15, what is 3d9a8a + -8?
3d9a82
In base 11, what is -10031667 - -3?
-10031664
In base 11, what is 70 - -129a55?
12a015
In base 12, what is 62 - 43b5255?
-43b51b3
In base 3, what is 2120002022121 + 1?
2120002022122
In base 8, what is -117720243 + -5?
-117720250
In base 11, what is 2997 + 30a?
31a6
In base 2, what is -1 + -11000000111100011111001101?
-11000000111100011111001110
In base 10, what is -89827904 - 3?
-89827907
In base 15, what is -36d + -10a78?
-10de6
In base 10, what is 8 - 259638?
-259630
In base 10, what is -1171 + -9597?
-10768
In base 12, what is -13 - 365721?
-365734
In base 8, what is -56417007 + -5?
-56417014
In base 15, what is -5 + d51d24?
d51d1e
In base 16, what is 8 - -1204fa3?
1204fab
In base 16, what is 38aac143 + 2?
38aac145
In base 15, what is -2 - 3d3cde?
-3d3ce1
In base 16, what is 103b2d + -14?
103b19
In base 10, what is -4027595 - -46?
-4027549
In base 6, what is -5 + -4143153140?
-4143153145
In base 12, what is 1 - -72635b?
726360
In base 12, what is 838b61 + -3?
838b5a
In base 10, what is 64252 - 2821?
61431
In base 9, what is -120 - 60622?
-60742
In base 11, what is a664 - 372?
a2a2
In base 14, what is 383 + -444b?
-40a8
In base 2, what is -1001100000000100 + 10011101010?
-1001001100011010
In base 16, what is -a - 1a4280?
-1a428a
In base 15, what is 2 - 14915671?
-1491566e
In base 3, what is -2210022202002 + 20101?
-2210022111201
In base 13, what is 23c311 + 4?
23c315
In base 2, what is 110110 + -11000010011111111100001?
-11000010011111110101011
In base 3, what is -2 - 10112102102001110?
-10112102102001112
In base 3, what is -10 + -111121120022101?
-111121120022111
In base 2, what is -11111 - -10011001000011110011011?
10011001000011101111100
In base 11, what is -13 - -3a93247?
3a93234
In base 8, what is -4 - 37343251?
-37343255
In base 5, what is -1 + -41310030?
-41310031
In base 7, what is -120 + -10260616?
-10261036
In base 5, what is -1 + 2101034143?
2101034142
In base 2, what is -1 + -100001101000000001000101101?
-100001101000000001000101110
In base 16, what is cd3db92 - -3?
cd3db95
In base 9, what is 2 + -147300281?
-147300278
In base 2, what is 100 - -11101000011000011111?
11101000011000100011
In base 15, what is -4e0c589 - 0?
-4e0c589
In base 10, what is 137 + -6696?
-6559
In base 10, what is -17 - 67295079?
-67295096
In base 9, what is -44 - -746181?
746136
In base 2, what is -1 - 110011010100000110010?
-110011010100000110011
In base 10, what is 341414 + -1938?
339476
In base 11, what is -5 + -157422399?
-1574223a3
In base 10, what is -29481 + -587?
-30068
In base 5, what is -21140 - 3000144?
-3021334
In base 5, what is -213 - -201321234?
201321021
In base 12, what is 177 - 113919?
-113762
In base 11, what is -2a - -19841a5?
1984176
In base 14, what is -1ac6cc6 - 4?
-1ac6cca
In base 9, what is 2 - -122225385?
122225387
In base 12, what is -a38821 + -8?
-a38829
In base 10, what is -574489 + -7?
-574496
In base 16, what is 2beb2e - -4?
2beb32
In base 2, what is 1100 - -111001001000101101?
111001001000111001
In base 8, what is -350671 - 65?
-350756
In base 11, what is -479993 + 15a?
-479834
In base 15, what is -15c47 + e7?
-15b50
In base 10, what is 2991 - -8343?
11334
In base 9, what is -60781 - 1231?
-62122
In base 6, what is 5 - -5352411551?
5352412000
In base 2, what is -10010010100111011 - 10101000010000?
-10100111101001011
In base 4, what is 1021033031 - -133210?
1021232301
In base 3, what is -12102 + -111112101011?
-111112120120
In base 16, what is -b179fb - -1?
-b179fa
In base 8, what is -4636 + 56610?
51752
In base 3, what is 120011201222 + -102?
120011201120
In base 4, what is -13 + -2112133322?
-2112200001
In base 13, what is -181107a + 81?
-1810cc9
In base 11, what is -35a + -10770?
-1101a
In base 11, what is 433 - -1915a6?
191a29
In base 3, what is 12021201 - -11011101?
100110002
In base 12, what is 638b3 - -18?
6390b
In base 10, what is 53519565 - 0?
53519565
In base 16, what is -49ce38f + 9?
-49ce386
In base 15, what is -3 + -a52bac7?
-a52baca
In base 14, what is -9129779 + 10?
-9129769
In base 10, what is -2052 + 324?
-1728
In base 4, what is 3 - -1110000130?
1110000133
In base 16, what is db + 707?
7e2
In base 5, what is -14 + 2120211300?
2120211231
In base 14, what is 1 + db0603?
db0604
In base 10, what is -598 + 367276?
366678
In base 14, what is 2 - 82acd?
-82acb
In base 3, what is -1221011120 + -1?
-1221011121
In base 12, what is 11726a0 - 57?
1172645
In base 13, what is -30 - -1b258?
1b228
In base 11, what is -6 + 37911?
37906
In base 9, what is 454638 + 365?
455114
In base 6, what is 43 + -11335434431?
-11335434344
In base 7, what is 14214 - -3262?
20506
In base 4, what is 1013 - -20333132320?
20333133333
In base 11, what is 19a90671 - -4?
19a90675
In base 13, what is 8a7 + -1b8c?
-12b5
In base 6, what is -2150113031 - -11?
-2150113020
In base 2, what is -10 - 10000111001010100110010?
-10000111001010100110100
In base 11, what is 5 - 1a28153?
-1a28149
In base 6, what is 205402 - 1012?
204350
In base 13, what is 42c + -4a54?
-4625
In base 13, what is -137c19 + -b2?
-137ccb
In base 13, what is 349b0 + -27?
34986
In